is the remainder when 59 is divided by -3 + 6 - (-8 + -5)?
11
Let d(w) = -13*w**3 + 2*w**2 + 2*w + 1. Let t = -6 + 10. Suppose -t*v = 4*f - 16, -v = -f - 2*f + 16. What is the remainder when 40 is divided by d(v)?
12
Let u = 1 + -1. Suppose -5*c = -2*b - 2*b - 4, 5*b + 5 = u. Let a = c - -11. Calculate the remainder when 31 is divided by a.
9
Let s = 1 + -6. Let d = -2 - s. Suppose k + 2*a - d = 0, -21 = -3*k + a + 9. What is the remainder when 15 is divided by k?
6
Let q = 12 - -2. Calculate the remainder when 50 is divided by q.
8
Suppose -5*f = -15, a - 20 = -a - 2*f. Let x(u) = u**2 - 6*u + 7. Suppose -3*n + b = -75, 0*b + 4*b = 12. Calculate the remainder when n is divided by x(a).
12
Let j(g) = g**2 + 5*g + 1. Let c be j(-4). Let v be 0/((-6)/c - 4). Suppose 2*d - 48 = -4*k + 4*d, k + d - 9 = v. What is the remainder when 20 is divided by k?
9
Suppose -3*o = 3*i + 4 - 37, 0 = 5*i + 2*o - 55. What is the remainder when 31 is divided by i?
9
Let w = 19 - 13. Suppose 42 = 3*p - p. What is the remainder when p is divided by w?
3
Let j(q) = -q + 12. Let i be j(9). Suppose -2*a + a + 7 = -i*f, 0 = -4*f - 5*a + 16. Calculate the remainder when 21 - 1 - (-1)/f is divided by 7.
5
Let j(k) = 1 + 3*k + 5 + 1 - 2*k. What is the remainder when 36 is divided by j(6)?
10
Let p be 22/3*(-3)/1. Let l = 39 + p. What is the remainder when l is divided by -3 + 2 - (1 + -11)?
8
Let z be 120/16 - (-3)/(-2). Let o(n) = 9*n**2 + 8*n - 6. Let c be o(z). Calculate the remainder when c/10 + 4/10 is divided by 10.
7
Suppose 195 = 4*k - 5*x, 0*k + 3*x = -k + 53. Suppose 0 = 2*n - n. What is the remainder when k is divided by ((-26)/(n + -1))/2?
11
Suppose 0 = -2*a + s + 51, 5*a - 5*s = -3*s + 128. Let b = a - 10. Calculate the remainder when 29 is divided by b.
13
Let b(y) = y**2 - 3*y - 5. What is the remainder when 9 is divided by b(-2)?
4
Let f = -55 + 56. What is the remainder when f is divided by 1?
0
Let v(k) = 13*k + 2. Let z(b) = -b + 1. Let y(f) = v(f) - 4*z(f). Let r be y(-3). Let u = r + 90. Calculate the remainder when u is divided by 13.
11
Calculate the remainder when ((-6)/(-14) + (-4)/42)*60 is divided by 13.
7
Suppose -4*l + 21 = 5*i - 25, 0 = -2*i - l + 19. What is the remainder when 39 is divided by i?
9
Let h be (-1)/(1 - (-10)/(-8)). Suppose 0*x = -h*x + 8. What is the remainder when 8 is divided by x?
0
Let d be (2 - -2) + -2 - 36. Let r = d + 74. Suppose p = -4*a + 13, -73 = 2*p - 5*p + 5*a. What is the remainder when r is divided by p?
19
Suppose 3*t - 6*t + 6 = 0. Let r(n) be the first derivative of n**3/3 + 7*n**2/2 + 4*n - 4. What is the remainder when r(-7) is divided by t?
0
Suppose -71 = -5*v - 16. Calculate the remainder when 30 is divided by v.
8
Let j(z) = -z**2 + 13. Let y = 3 + -1. Suppose -2*m - y*m = 0. What is the remainder when 38 is divided by j(m)?
12
Suppose 2*a = -v + 42, 0*a - 2*v = a - 24. What is the remainder when 231/6 - 1/2 is divided by a?
18
Suppose 3*b - 28 = -5*p + 3*p, -4*p - 14 = -b. Let x = -11 + 15. Let q(z) = 2*z**2 - 4*z + 2. What is the remainder when q(x) is divided by b?
8
Suppose 9 + 16 = b. Suppose -5*n + b = 5*l, 2*l - 8 = 4*n - 22. What is the remainder when n/(-18) + 796/18 is divided by 15?
14
Let j(p) = 6*p**2 - 2*p. Calculate the remainder when j(4) is divided by 30.
28
Let h(s) = -s**3 + 2*s**2 - 2. Let i be h(3). Let k = 22 + i. What is the remainder when 19 is divided by k?
8
Suppose j + 38 = w + 13, 20 = 2*w + 4*j. What is the remainder when 37 is divided by w?
17
Let u(o) = o**3 - 5*o**2 + 4*o - 4. Let k = 6 + -5. Suppose p = 6 - k. What is the remainder when 46 is divided by u(p)?
14
Let o = -33 + 45. What is the remainder when 82 is divided by o?
10
What is the remainder when 53/(3 + (-3 - -1)) is divided by 11?
9
Suppose 0*v = -3*a + 5*v + 14, -3*a - 2*v + 7 = 0. Suppose 0*f - 13 = -f. Calculate the remainder when a + -3 - 24*-1 is divided by f.
11
What is the remainder when 16 is divided by ((-6)/4)/(9/(-36))?
4
Let n(x) = -x**2 + x + 4. Let l(g) = 2*g**2 - g - 7. Let q(y) = -6*l(y) - 13*n(y). Calculate the remainder when q(9) is divided by 5.
3
Let x be 78/(-5) - (-12)/20. What is the remainder when (-1 + 3)*29/2 is divided by ((-10)/x)/((-1)/(-15))?
9
Suppose 96 = -5*p - 44. Let o = 65 + p. What is the remainder when o is divided by 13?
11
Suppose -p = -5*f - 14, -3*f + 2*p = -2*f + 10. What is the remainder when 6 is divided by f/(-2)*(-4 + 7)?
0
Let c(p) = -p**2 + p - 10. Let i(d) = 2*d**2 - 3*d + 21. Let q(w) = -9*c(w) - 4*i(w). What is the remainder when 18 is divided by q(-4)?
8
Let g = 444 + -299. Let p be ((-15)/(-9))/((-1)/(-3)). What is the remainder when g/p - 1/(-1) is divided by 8?
6
Suppose 4*d + 172 = 16. Let j = 3 - d. Calculate the remainder when j is divided by 11.
9
Suppose 0 = -3*k + 174 + 108. Suppose v = 3*p - 130, 3*p + 3*v - k = 44. Let j(b) = 24*b**3 - b**2 - b + 1. What is the remainder when p is divided by j(1)?
21
Suppose 4*t - 2*u = 40, -4*t = -2*t - 3*u - 20. Calculate the remainder when (-4)/(-20) - (-338)/t is divided by 12.
10
Suppose 0 = -2*s + 29 + 23. What is the remainder when 76 is divided by s?
24
Let t(q) = q**3 + 7*q**2 + 6*q + 1. Let i be t(-6). Let h = 1 + i. Calculate the remainder when 2 is divided by h.
0
Let z(c) = -c - 1 - 3*c**2 + 3*c + 10*c**2 - 4*c. Suppose 0 = 4*o - 13 - 79. Calculate the remainder when o is divided by z(-1).
7
Suppose 5*h + k = 145, 21 = 3*h - 2*k - 53. What is the remainder when 10 is divided by ((-48)/h)/((-4)/14)?
4
Let t(f) = -13*f - 79. Calculate the remainder when 39 is divided by t(-7).
3
Suppose -14 = 7*u - 9*u. Let t = u + 10. Calculate the remainder when 31 is divided by t.
14
Let y = 4 - 13. Let r = 14 + y. Calculate the remainder when 16 is divided by r.
1
Let l be 2 - (12/3)/4. Let f(s) = 25*s - 2. Calculate the remainder when f(l) is divided by 13.
10
Let f(z) = z**2 + z + 6. Let c be f(-6). Suppose 0 = 5*m - c - 14. What is the remainder when 39 is divided by m?
9
Let j = 6 + -3. Calculate the remainder when j is divided by 1.
0
Suppose -55 = -5*b - 0*b. Suppose -m = -3*f - b, -f + 7 = 5*m - 16. Suppose -4*g - 16 = -m*g. Calculate the remainder when 46 is divided by g.
14
Let u(v) = v**3 + 10*v**2 + 4*v + 3. Calculate the remainder when u(-6) is divided by 31.
30
Let r = -93 - -119. What is the remainder when 101 is divided by r?
23
Suppose 3*p = p + 126. Suppose -f + 26 = -3*u + 207, f + p = u. Calculate the remainder when u is divided by 15.
14
Suppose -5*b + 10 = -k + 1, 4*k - 6 = -b. Suppose -6*h = -5*h - 20. What is the remainder when h is divided by 8 + 0 - (k + 0)?
6
Let c(r) = -2*r + 3. Let f be (-2)/(-3)*3 - 7. Let d = 89 - 52. Calculate the remainder when d is divided by c(f).
11
What is the remainder when 113 is divided by 6/24*92*1?
21
Suppose -48 = -4*v - 4. Calculate the remainder when 40 is divided by v.
7
Calculate the remainder when 141 is divided by (4 - 1) + (-231)/(-7).
33
Let y(g) = g - 1. Let r be y(3). Suppose 3*a - 47 = b, r*a - 5*b + b = 48. Calculate the remainder when 25 is divided by a.
11
Let d be 2/(4/(-6))*-1. Suppose 3*m - 10 = -d*g + 41, -29 = -m - 5*g. Calculate the remainder when 26 is divided by m.
12
Let a(p) = p**2 + 7*p - 5. Let v be a(-7). What is the remainder when 46/4 + v/10 is divided by 6?
5
Let q = 40 - 16. Calculate the remainder when q is divided by 5.
4
Suppose 2*z - 9 = -5*p + 55, -5*p + 61 = 3*z. What is the remainder when 48 is divided by p?
6
Suppose 4*p + 0*p = -284. Let f = -21 - p. Calculate the remainder when f is divided by 13.
11
Let x(f) = f**2 - 6*f - 6. Let v be x(7). What is the remainder when 2*(1 - (-47)/2) is divided by (v/(-3))/(2/(-102))?
15
Suppose 2 = -3*s - 1. Let d be 2*(-2 + (-5)/((-5)/3)). Calculate the remainder when 15 is divided by 0 + d + (-2)/s.
3
Suppose p = -r - p - 31, -r = p + 28. Suppose -m - 34 = 4*h, -4*m + 49 - 227 = -5*h. Let t = r - m. What is the remainder when 65 is divided by t?
14
Let f = -6 + 15. Calculate the remainder when 25 is divided by f.
7
Let k(i) = i + 8. Suppose 2*m = 5*f - 28, -3*f - 2*m = 2*f - 12. What is the remainder when f is divided by k(-6)?
0
Calculate the remainder when (-450)/(-20) + (-2)/4 is divided by 6.
4
Let d(r) = 2*r**2 + 5*r + 31. Calculate the remainder when d(-5) is divided by